-82 + (-18 + 2 + -10 - -35)?
-73
What is the value of 31 + -26 - (1 - 9 - (66 - 42))?
37
65 + (32 - (7 + 58))
32
What is the value of -7 + 1 + 8 + -3 + (-17 - -75)?
57
What is the value of 6 + (-34 - -53 - 30) + (-56 - 0)?
-61
(-7 - (-40 - -31)) + (1 - 27) - (-8 - -2)
-18
Evaluate 26 + (-21 - -27 - -30) - -17.
79
Calculate -29 - -1 - (-2054 + 2074).
-48
What is (2 - -34 - 24) + -30?
-18
9 + -41 + (60 - 31)
-3
What is the value of -2 + -68 + -2 + (131 - -142 - 297)?
-96
Evaluate -25 - -26 - 24 - -24 - -4.
5
33 - 40 - ((-6 - 10) + 45)
-36
Calculate 19 + -128 + 238 + -94.
35
Calculate (3 - (-3 - (-2 - 19))) + 31 + 3.
19
Calculate 67 + -62 - ((-2 - (-9 + 10)) + 13).
-5
What is the value of -25 - 0 - (-150 + 125)?
0
What is 160 - 114 - (13 - -20)?
13
What is the value of -4 + (26 - -5) - (1 - 22)?
48
Calculate -43 + (18 - (19 + -31)).
-13
Calculate (-4 - 4) + (-278 + 265 - ((0 - 0) + -40)).
19
Calculate (-7 + 10 - (17 + -2 + 0)) + 2318 + -2323.
-17
Calculate (3 - 55) + -98 + 72 + (0 - -1 - 0).
-77
Evaluate -7 - (39 + 18 + -22).
-42
Calculate (34 - (-135 - -12)) + -147.
10
Calculate (5 - 2) + (7 - 0) - (-781 + 790).
1
Evaluate -14 + (-1 - -2) + 148 + -147.
-12
What is -61 + (77 + -63 - 18)?
-65
What is -2 + -111 - (223 + -199 + -38)?
-99
Calculate -34 - (52 - (-38 - -114)).
-10
Evaluate -38 + (15 - -32) - (1 + -2 + 45).
-35
What is the value of (8 - (-26 + 18)) + -3 - -18 - 11?
20
What is (-53 - (-5 - 12)) + 41?
5
Calculate -110 - (-97 - -18) - (-1 - (0 - 0)).
-30
Evaluate 12 - (92 - (108 + -74)).
-46
Evaluate (-8 - 11) + 9 + 13 + (-2 - -3).
4
Evaluate 80 - (7 - (-8 - (-25 + 19)) - (0 - 0)).
71
12 + (-18 - (-4 - 8) - 15)
-9
Calculate (979 - 1063) + (1 + -1 - 1) - -10.
-75
Evaluate (3 - (-61 + 3)) + (235 - 235) - 13.
48
(-6 - 17) + -7 + (-56 - -44)
-42
Evaluate -12 + 3 - -9 - -51 - ((22 - 13) + 0).
42
Calculate -2 + -1 + 1 - (-887 - -958).
-73
Evaluate -44 + 2 + -1498 + 1493.
-47
What is the value of (53 - 83 - -28) + -36 + 1?
-37
What is the value of -28 + -118 + (56 - 0 - 22) - (4 + 0)?
-116
Evaluate -5 - (1 - 19) - (10 - 7) - 47.
-37
Calculate 104 - ((3 + -1 - 22) + (-7 + 0 - -19)).
112
What is 45 - (34 - (-14 - -37) - (-1 - -1))?
34
Calculate (37 - -2) + (-1 - (6 - (-3 + -8 + 8))).
29
(22 - (4 - (-4 + -6))) + 6 - -34
48
Calculate 31 + (17 - (18 + -11) - (-2 + 10)).
33
-106 - ((47 - 105) + 6)
-54
(-7 - -19) + (-14 + 0 - (138 - 85))
-55
14 + (6 - (-6 - (10 - 29))) - -16
23
What is the value of 14 + -17 + (-43 - -26) + 45?
25
What is 0 + -12 + 51 + (-30 - 45)?
-36
What is the value of -31 + (-9 + 3 - -3) - (-48 + 24 - -12)?
-22
What is (-35 - -1) + (373 - 329)?
10
1 + 22 + 4788 + -4857
-46
Evaluate 0 - 1 - (-18 + 1 - -7 - -16).
-7
Calculate -1 + 7 - (-307 - -302).
11
What is (20 + 24 - 74) + 10?
-20
Evaluate 45 - (1 + 6 - (-1 - (10 - 25))).
52
Evaluate 10 + -43 - -49 - 12 - -26.
30
Evaluate 29 + -27 + 9 - (9 - -5) - (-10 - -122).
-115
Calculate 4 - (32 + 3 + -13 - -20).
-38
Evaluate 8 - (-8 - (-38 + 7)) - (1 + -2 + -61).
47
What is the value of 0 + 39 - ((-8 - -30) + -53 + 20)?
50
Calculate (-37 + -1 + -1 - -18 - (1 + -16)) + 22.
16
Calculate (137 - 16) + (-364 - -152).
-91
Evaluate (-127 - -79) + (7 - 4 - 4) + -2.
-51
What is -41 + 10 + -81 + 193?
81
Calculate (40 - 1) + (-40 - -20) + 10.
29
What is the value of 77 - (-14 + (10 - (-16 + (12 - -16))))?
93
Evaluate -6 + (-20 - (-4 - -9)).
-31
Calculate -26 + 3 - (741 + -780).
16
What is -5 - -16 - (-7 - (-7 + 10) - -62)?
-41
13 - (-48 - (43 + (-21 - 43)))
40
Calculate -1 + -192 + (-1984 - -2078).
-99
5 - -1 - (163 + -19 - 127)
-11
What is -13 + (18 - -16 - 33) - ((-1 - -2) + 1)?
-14
What is 34 - (88 - 77 - -37)?
-14
-54 - (21 - 63) - (-38 - -1)
25
Evaluate -44 + (-1929 - -1932 - (1 - (0 - -1))).
-41
Evaluate -128 + 239 + -100 + (0 - 8).
3
Calculate (1 - 64) + (-3542 - -3588).
-17
16 + (3 - 7) - (-10 - -107)
-85
43 + 0 - (-140 - -129 - 87)
141
-58 - 3 - -148 - (-17 - -4)
100
Calculate -4 - (-30 + -8) - (18 - 27 - -15).
28
Evaluate 5 + ((5 - 11) + 118 - (2 - 3)) + -10.
108
Calculate -16 - (-36 + (23 - -1)).
-4
Calculate 7 + (3 - 14) + (86 - 1) + 7 + -6.
82
-1 - (13 + (-62 - -35 - -15) - (1 - 95))
-96
Calculate -80 + (7 - -8) + -9 + (4 - (15 + -7)).
-78
What is the value of 2 + 26 + 0 - (-36 + 0 + 10 + 16)?
38
Calculate -1 + (-81 - -65) - -45.
28
-11 - (-26 - (-13 - -16 - -16))
34
What is 0 + (4 - 3) + (22 - (31 + -22)) + -19?
-5
What is (7 - 2) + -22 + (9 - 8) + -14 + 4?
-26
Calculate (-28 - (-61 + (23 - -10))) + -69.
-69
15 + (-18 - (22 - 15)) + 81 + -12
59
What is (5 - 33) + (20 - (3 - -7)) - 8?
-26
What is the value of (-1 - -1) + 83 + (32 - (4 - (-21 + -15)))?
75
What is -80 + 96 + 26 - (6 - 0)?
36
Evaluate -8 + (-18 - -5) + (-4 - -5) + 12.
-8
Evaluate (-9 - -8 - (-1 + 17)) + -393 + 349.
-61
Calculate 16 - (8 + -4) - (-32 - -8).
36
What is -6 - (-48 + -11) - (62 + -45)?
36
What is -17 + 31 + -21 + 1 + 11?
5
What is the value of 23 + (1 - 1) + (1 - 12) - -14?
26
What is 320 + -384 - (-114 - -18)?
32
Evaluate -4 + (3 + 3 - -53 - -4) + -8.
51
What is the value of 2 + -3 + (-5 - (-49 - -57))?
-14
Evaluate -13 - (36 - (-10 - (11 - 106))).
36
What is 45 + -10 - 42 - (11 + 3)?
-21
What is the value of 16 + (-13 - -10) + -15 + (-9 - -11)?
0
What is -7 - (-39 - 0 - -10)?
22
What is the value of -71 + (2 - -29) + -7 + 16?
-31
Calculate (0 - (2 - (3 - 11 - -14)) - 1) + 44.
47
What is -2 + (-21 - (-18 + 1)) + 16?
10
(-40 - 1 - (8 - 3)) + 0
-46
What is 47 - (-7 + 21 + -7 - (-3 - -6))?
43
5 - ((-1 - 0) + 12 - (-115 - -105))
-16
What is the value of 37 - (3 + 127 + -7) - (-10 - 1)?
-75
What is (-33 - -17 - -17 - 31) + 70?
40
What is the value of 6174 + -6201 + -10 + 1?
-36
What is -16 + -32 + (16 - (-7 + -9))?
-16
What is 523 - 507 - (-19 + -1)?
36
(-106 - 2) + (-6 - 76) + 58 + -3
-135
Evaluate -1836 + 1816 - (-3 - 2).
-15
Evaluate -23 + (-137 - -206) + 26 + 2.
74
What is the value of -1 + (16 - 3) - (9 + 3 + -5) - 99?
-94
Evaluate 0 + 20 - (-334 - (-196 - 57)).
101
What is 83 + -1 - (2193 - 2081)?
-30
Evaluate -29 + -25 + 157 - (13 + 0) - 0.
90
Calculate -5 + (0 - (0 + -11) - 11).
-5
-7 + (62 - 73) + -8 + 3 + 11 + 9
-3
(56 - 61) + (-18 - (-87 - -2))
62
-104 - (-43 + (-3 - 9))
-49
Calculate 24 + (-27 - -44) + (-3 - 1).
37
Evaluate 0 - 26 - (76 - (-51 - -142)).
-11
Calculate -58 + 0 - (-4842 - -4738).
46
Evaluate (-44 - 1) + (-40 - (48 + (-35 - 55))).
-43
1117 + -1224 - (-139 - 10)
42
Calculate -67 + -9 + 33 + -32.
-75
25 + -10 + -24 + 21 - 73
-61
-113 + 80 - (-19 + -28) - (73 - -1)
-60
Evaluate -119 + 13 + 99 + -104.
-111
What is the value of 37 + (-23 - 13) - (19 + -1)?
-17
What is the value of -67 - ((-20 - -34) + 0 + -31 - (-6 - -1))?
-55
Evaluate -10 - (22 + -18 + -28 + 16) - 94.
-96
What is (117 - 40) + -24 - (1 - -11)?
41
Calculate 2655 - 2648 - (1 + -11 + -1).
18
What is 228 + (66 - 312) + 120?
102
Calculate -104 - (-33 + -208 - -78).
59
What is the value of 3558 - 3581 - (-50 + -1)?
28
What is -3 + 2 - (9 + (-2 - (-10 + 9) - -10))?
-19
What is 34 - ((64 - 105) + 86)?
-11
What is the value of -5 + (7 - 16 - -15) + (-2 - 2) + -60?
-63
What is 84 + -97 + -51 + 57?
-7
Calculate (-1 + -3 - (-6 - 0)) + -4 + -18 + 23.
3
What is the value of -42 + 56 + -24 + -22?
-32
What is the value of 26 + -8 + (-47 - -31)?
2
146 + (-156 - (-65 + -59))
114
(6 - 0) + ((-464 - -454) + 0 + 32 - 117)
-89
What is (-28 + 5 - (78 + -79) - -24) + (-1 - -111)?
112
What is -505 + 645 + (-29 - 245)?
-134
Calculate 52 + 0 + (1 - 20) + 34 + -4.
63
What is -21 + 2 + -81 + (-48 + 103 - 34)?
-79
What is the value of -9 - (-8 - 2) - (-8 + 1 - (49 - 95))?
-38
What is the value of 246 - 245 - (-1 + 10 + -1 - 77)?
70
Evaluate -26 - (13 - (15 + -8 + 11)).
-21
What is 4 - (-5 + 10 + 3 - (2 - -7)) - 9?
-4
77 - (-27 - (-24 - (75 - 39)))
44
Calculate (14 - -5 - 15) + -19 + -28.
-43
What is the value of (-15 - -4) + 16 + -2 + (-1 - 11) + -84?
-93
-35 - -72 - 25 - ((-4 - -3) + -7)
20
(-15 - (-1 - (13 + (5 - 13)))) + (-8 - 2)
-19
Calculate (25 - 11) + (209 + -207 - (-2 - -53)).
-35
(3 - 3) + (-152 - -163)
11
What is the value of (-5 - -13 - 12) + (6 - (1 + 52 + -1))?
-50
Calculate (-4 - 26 - (6 + -75)) + 9.
48
What is 4 - (3 - (2 - -3)) - (-41 + 42)?
5
Calculate (0 + -30 - (-445 + 381)) + (10 - (3 + -1)).
42
What is the value of 23 - (3 - (47 + -100